{"id":637,"date":"2024-10-11T14:50:21","date_gmt":"2024-10-11T19:50:21","guid":{"rendered":"https:\/\/www.hidroturbinas.com\/?page_id=637"},"modified":"2025-08-29T14:01:36","modified_gmt":"2025-08-29T19:01:36","slug":"nosotros","status":"publish","type":"page","link":"https:\/\/www.hidroturbinas.com\/?page_id=637","title":{"rendered":"Nuestra Historia"},"content":{"rendered":"\t\t<div data-elementor-type=\"wp-page\" data-elementor-id=\"637\" class=\"elementor elementor-637\">\n\t\t\t\t<div class=\"elementor-element elementor-element-44f10df e-flex e-con-boxed e-con e-parent\" data-id=\"44f10df\" data-element_type=\"container\" data-e-type=\"container\">\n\t\t\t\t\t<div class=\"e-con-inner\">\n\t\t\t\t<div class=\"elementor-element elementor-element-9138af1 elementor-widget-divider--view-line elementor-widget elementor-widget-divider\" data-id=\"9138af1\" data-element_type=\"widget\" data-e-type=\"widget\" data-widget_type=\"divider.default\">\n\t\t\t\t<div class=\"elementor-widget-container\">\n\t\t\t\t\t\t\t<div class=\"elementor-divider\">\n\t\t\t<span class=\"elementor-divider-separator\">\n\t\t\t\t\t\t<\/span>\n\t\t<\/div>\n\t\t\t\t\t\t<\/div>\n\t\t\t\t<\/div>\n\t\t\t\t\t<\/div>\n\t\t\t\t<\/div>\n\t\t<div class=\"elementor-element elementor-element-7af01b7 e-flex e-con-boxed e-con e-parent\" data-id=\"7af01b7\" data-element_type=\"container\" data-e-type=\"container\">\n\t\t\t\t\t<div class=\"e-con-inner\">\n\t\t\t\t<div class=\"elementor-element elementor-element-afc48cd elementor-invisible elementor-widget elementor-widget-heading\" data-id=\"afc48cd\" data-element_type=\"widget\" data-e-type=\"widget\" data-settings=\"{&quot;_animation&quot;:&quot;bounceInDown&quot;}\" data-widget_type=\"heading.default\">\n\t\t\t\t<div class=\"elementor-widget-container\">\n\t\t\t\t\t<h3 class=\"elementor-heading-title elementor-size-default\">Nuestra Historia<\/h3>\t\t\t\t<\/div>\n\t\t\t\t<\/div>\n\t\t\t\t\t<\/div>\n\t\t\t\t<\/div>\n\t\t<div class=\"elementor-element elementor-element-b478b01 e-flex e-con-boxed e-con e-parent\" data-id=\"b478b01\" data-element_type=\"container\" data-e-type=\"container\">\n\t\t\t\t\t<div class=\"e-con-inner\">\n\t\t<div class=\"elementor-element elementor-element-e5b6194 e-con-full e-flex e-con e-child\" data-id=\"e5b6194\" data-element_type=\"container\" data-e-type=\"container\">\n\t\t\t\t<div class=\"elementor-element elementor-element-387ed70 elementor-invisible elementor-widget elementor-widget-image\" data-id=\"387ed70\" data-element_type=\"widget\" data-e-type=\"widget\" data-settings=\"{&quot;_animation&quot;:&quot;slideInLeft&quot;}\" data-widget_type=\"image.default\">\n\t\t\t\t<div class=\"elementor-widget-container\">\n\t\t\t\t\t\t\t\t\t\t\t\t\t\t\t<img fetchpriority=\"high\" decoding=\"async\" width=\"1024\" height=\"713\" src=\"https:\/\/www.hidroturbinas.com\/wp-content\/uploads\/2024\/08\/spinning-propeller-heats-steel-modern-oven-manufacturing-generated-by-ai-1-1024x713.png\" class=\"attachment-large size-large wp-image-94\" alt=\"\" srcset=\"https:\/\/www.hidroturbinas.com\/wp-content\/uploads\/2024\/08\/spinning-propeller-heats-steel-modern-oven-manufacturing-generated-by-ai-1-1024x713.png 1024w, https:\/\/www.hidroturbinas.com\/wp-content\/uploads\/2024\/08\/spinning-propeller-heats-steel-modern-oven-manufacturing-generated-by-ai-1-300x209.png 300w, https:\/\/www.hidroturbinas.com\/wp-content\/uploads\/2024\/08\/spinning-propeller-heats-steel-modern-oven-manufacturing-generated-by-ai-1-768x535.png 768w, https:\/\/www.hidroturbinas.com\/wp-content\/uploads\/2024\/08\/spinning-propeller-heats-steel-modern-oven-manufacturing-generated-by-ai-1.png 1500w\" sizes=\"(max-width: 1024px) 100vw, 1024px\" \/>\t\t\t\t\t\t\t\t\t\t\t\t\t\t\t<\/div>\n\t\t\t\t<\/div>\n\t\t\t\t<\/div>\n\t\t<div class=\"elementor-element elementor-element-e458ef6 e-con-full e-flex e-con e-child\" data-id=\"e458ef6\" data-element_type=\"container\" data-e-type=\"container\">\n\t\t\t\t<div class=\"elementor-element elementor-element-f268dd3 elementor-invisible elementor-widget elementor-widget-text-editor\" data-id=\"f268dd3\" data-element_type=\"widget\" data-e-type=\"widget\" data-settings=\"{&quot;_animation&quot;:&quot;slideInRight&quot;}\" data-widget_type=\"text-editor.default\">\n\t\t\t\t<div class=\"elementor-widget-container\">\n\t\t\t\t\t\t\t\t\t<p><span data-contrast=\"auto\">Hidroturbinas Delta S.A.S. naci\u00f3 en 2005 de la mano de un grupo de profesionales provenientes de reconocidas firmas de consultor\u00eda en Colombia. Con visi\u00f3n clara y profundo conocimiento del sector, decidieron emprender este proyecto con el prop\u00f3sito de ofrecer soluciones especializadas en generaci\u00f3n hidroel\u00e9ctrica.<\/span><span data-ccp-props=\"{&quot;335551550&quot;:6,&quot;335551620&quot;:6}\">\u00a0<\/span><\/p><p><span data-contrast=\"auto\">Desde sus inicios, la compa\u00f1\u00eda se ha destacado por su compromiso con la excelencia y por el desarrollo de proyectos sostenibles y eficientes. Con el paso de los a\u00f1os, hemos evolucionado para abarcar todas las etapas del ciclo de vida de un proyecto hidroel\u00e9ctrico.<\/span><span data-ccp-props=\"{&quot;335551550&quot;:6,&quot;335551620&quot;:6}\">\u00a0<\/span><\/p><p><span data-contrast=\"auto\">Hoy ofrecemos una gama integral de servicios que incluye el suministro y montaje de equipos electromec\u00e1nicos, la gerencia de proyectos, la negociaci\u00f3n predial y la asesor\u00eda financiera. Esta evoluci\u00f3n nos ha permitido consolidarnos como un referente en la industria hidroel\u00e9ctrica en Colombia, participando en proyectos de gran envergadura y complejidad.<\/span><span data-ccp-props=\"{&quot;335551550&quot;:6,&quot;335551620&quot;:6}\">\u00a0<\/span><\/p><p><span data-contrast=\"auto\">Nuestro equipo multidisciplinario, con amplia experiencia y un enfoque innovador, contin\u00faa guiando a nuestros clientes hacia el \u00e9xito en un entorno energ\u00e9tico en constante transformaci\u00f3n. Con visi\u00f3n de futuro, reafirmamos nuestro compromiso con la innovaci\u00f3n, la sostenibilidad y el desarrollo responsable de la energ\u00eda limpia en el pa\u00eds.<\/span><span data-ccp-props=\"{&quot;335551550&quot;:6,&quot;335551620&quot;:6}\">\u00a0<\/span><\/p>\t\t\t\t\t\t\t\t<\/div>\n\t\t\t\t<\/div>\n\t\t\t\t<\/div>\n\t\t\t\t\t<\/div>\n\t\t\t\t<\/div>\n\t\t\t\t<\/div>\n\t\t","protected":false},"excerpt":{"rendered":"<p>Nuestra Historia Hidroturbinas Delta S.A.S. naci\u00f3 en 2005 de la mano de un grupo de profesionales provenientes de reconocidas firmas&#8230;<\/p>\n","protected":false},"author":1,"featured_media":0,"parent":0,"menu_order":0,"comment_status":"closed","ping_status":"closed","template":"","meta":{"footnotes":""},"class_list":["post-637","page","type-page","status-publish","hentry"],"_links":{"self":[{"href":"https:\/\/www.hidroturbinas.com\/index.php?rest_route=\/wp\/v2\/pages\/637","targetHints":{"allow":["GET"]}}],"collection":[{"href":"https:\/\/www.hidroturbinas.com\/index.php?rest_route=\/wp\/v2\/pages"}],"about":[{"href":"https:\/\/www.hidroturbinas.com\/index.php?rest_route=\/wp\/v2\/types\/page"}],"author":[{"embeddable":true,"href":"https:\/\/www.hidroturbinas.com\/index.php?rest_route=\/wp\/v2\/users\/1"}],"replies":[{"embeddable":true,"href":"https:\/\/www.hidroturbinas.com\/index.php?rest_route=%2Fwp%2Fv2%2Fcomments&post=637"}],"version-history":[{"count":16,"href":"https:\/\/www.hidroturbinas.com\/index.php?rest_route=\/wp\/v2\/pages\/637\/revisions"}],"predecessor-version":[{"id":1150,"href":"https:\/\/www.hidroturbinas.com\/index.php?rest_route=\/wp\/v2\/pages\/637\/revisions\/1150"}],"wp:attachment":[{"href":"https:\/\/www.hidroturbinas.com\/index.php?rest_route=%2Fwp%2Fv2%2Fmedia&parent=637"}],"curies":[{"name":"wp","href":"https:\/\/api.w.org\/{rel}","templated":true}]}}